8411 = -18*w. Calculate the remainder when w is divided by 41.
38
Let r(m) = -m**3 - 17*m**2 - 9*m. Let j = 11 - 28. Let b be r(j). Suppose 5*i = -58 + b. Calculate the remainder when i is divided by 11.
8
Suppose 79*l - 2*r + 156 = 82*l, 0 = -2*l - 2*r + 96. Suppose -8 = -o + 3*o. Let d = 9 - o. What is the remainder when l is divided by d?
8
Suppose -2260 = 2198*i - 2208*i. What is the remainder when i is divided by 76?
74
Suppose -4*q - 2*x = -572, 130*q = 132*q - 3*x - 262. Calculate the remainder when 837 is divided by q.
137
Suppose 10*t + 31*t = 77402 + 44040. Calculate the remainder when t is divided by 24.
10
Let r(a) = -39*a**3 - 63*a**2 - 119*a + 5. Calculate the remainder when r(-2) is divided by 12.
3
Suppose 2*g + 4*m = 56, -213 + 47 = -5*g + 3*m. Suppose -12*c = -15*c + 1338. What is the remainder when c is divided by g?
30
Suppose -5*x - a + 13 + 0 = 0, -3*x = -a - 11. Let w be -2 + x + (0 - 1) - 0. Suppose -2*s - s + 114 = w. Calculate the remainder when 111 is divided by s.
35
Suppose -69*v - 10*v + 41392 = 25*v. Calculate the remainder when v is divided by 196.
6
Suppose -6999 - 2683 = -94*b. Calculate the remainder when 3707 is divided by b.
102
Suppose -7866 = -46*o + 22586. What is the remainder when o is divided by 660?
2
Suppose 5*j = j + 368. Let k = 315 + -563. Let x = -224 - k. Calculate the remainder when j is divided by x.
20
Let z(m) = 5*m**3 - 77*m**2 + 45*m - 45. Calculate the remainder when 3414 is divided by z(15).
174
Suppose 23*n + 1696 = 24*n. Suppose 0 = w - 4*l - 544, 3*w - 8*l = -12*l + n. What is the remainder when w is divided by 94?
90
Let z = 28435 + -19983. Calculate the remainder when z is divided by 56.
52
Suppose -1954 = -18*b - 154. Calculate the remainder when 394 is divided by b.
94
What is the remainder when ((-10)/(-3))/((-65)/(-2925)) is divided by 66?
18
Let f(r) = -19*r + 27. Let t(q) = 5*q - 27. Let j be t(6). Let i be j + (44/(-16))/(2/8). What is the remainder when f(i) is divided by 36?
35
Let y = -2745 - -2760. What is the remainder when 508 is divided by y?
13
Suppose q + 65 - 555 = -2*w, 4*q = -3*w + 720. What is the remainder when 1502 is divided by w?
14
Let l = 6322 + -6269. Suppose -3*j + j - 68 = 0. Let f = l + j. What is the remainder when 54 is divided by f?
16
Let o(p) = p**2 - 19*p + 20. Suppose 0 = -26*u + 31*u - 90. Let l be o(u). What is the remainder when 102 is divided by 352/10 + l*1/(-10)?
32
Suppose -3*w + 5*o = 1146, 6*w + 4*o = 3*w - 1119. Let g be 6/21 - (-2)/14*3841. Let u = w + g. Calculate the remainder when u is divided by 25.
22
Suppose 0 = -5*q - 15, -5*n + 127 + 121 = -26*q. Calculate the remainder when 406 is divided by n.
32
Suppose -5*w + 55 = -5*b, 7*w - 6*w = 2*b + 16. Let a(c) = -c**3 + 5*c**2 + 12*c + 5. Calculate the remainder when 245 is divided by a(w).
40
Let f be (7/(-4))/((-48)/(-192)). What is the remainder when 51 is divided by (-2 - -6 - 6)*f?
9
Let m(o) = o - 5. Suppose -4 = -3*z + 2. Let v be m(z). What is the remainder when 52 is divided by (14/(v - -1))/(3/(-12))?
24
Suppose 91*b - 1526 = 3297. What is the remainder when 1006 is divided by b?
52
Suppose -2961 = 81*f - 165*f + 77*f. What is the remainder when f is divided by 37?
16
Let r = -366 - -371. Suppose r*m + 5 = -5*c, -8*c + 11*c = -4*m. Calculate the remainder when 39 is divided by m.
0
What is the remainder when 25/((-300)/(-27))*(-52692)/(-9) is divided by 155?
153
Calculate the remainder when (21/(-35))/((-24)/160) + -8 + 1647 is divided by 20.
3
Let l(m) = -m**3 + 12*m**2 - 27. Let i be l(6). What is the remainder when (-2419)/(-7) - 108/i is divided by 89?
78
Let u(g) = 3*g**3 + 42*g**2 - 93*g + 54. Calculate the remainder when 573 is divided by u(-16).
3
Suppose 10*b - 2273 = -1853. What is the remainder when 125 is divided by b?
41
Let o = -991 - -1031. What is the remainder when 997 is divided by o?
37
Let u(l) be the first derivative of 3*l**2/2 - 9*l - 5. Let a = -71 + 94. Calculate the remainder when a is divided by u(6).
5
Suppose -11*h = -2*h - 4086. Suppose 3*y + h - 1390 = -3*j, 0 = -j + 4*y + 337. Calculate the remainder when j is divided by 40.
37
Let i(x) be the first derivative of 64*x**3/3 - 7*x**2/2 + 6*x - 713. Let q be (-8)/(-6) - (-1)/(-3). What is the remainder when 251 is divided by i(q)?
62
Let m = -25 - -26. Suppose m + 7 = 4*g - 2*y, 2*y = 4. Suppose -p + 39 = 2*v, 3*p = p + g*v + 57. What is the remainder when p is divided by 9?
6
Suppose 2*b - 5 = -u - 133, 0 = 5*b + 4*u + 320. Let w = 37 + b. Let s = w - -47. Calculate the remainder when 38 is divided by s.
18
Let t(j) = 22*j. Let a = 184 - 172. Suppose -5*q + 130 = -135. Calculate the remainder when t(a) is divided by q.
52
Suppose -81 = -5*n + 409. Let l = 94 + n. What is the remainder when l is divided by (-1 - 11)/(-1) - 3/(-3)?
10
Let i = -33 - -78. Let p be -4 + (-18*(-2 - 0) - 3). Let g = p + i. Calculate the remainder when g is divided by 26.
22
Let x be (-12)/48 - (-261)/4. Let r = -57 + x. Suppose r*j - b = 10*j - 331, 329 = 2*j + 3*b. Calculate the remainder when j is divided by 43.
37
Suppose 0 = 3*w - n, -5*w - 4 = -2*n - 5. Let i(b) = -b**3 + 2*b**2 + 6*b - 7. Let t be i(3). Calculate the remainder when t + (27 - w/1) is divided by 19.
11
Suppose -182*m + 3204 + 4440 = 0. Calculate the remainder when 195 is divided by m.
27
Let u = -2464 + 2864. Calculate the remainder when u is divided by 28.
8
Let r = -322 + 307. Let c(u) = -u**2 - 21*u - 76. Calculate the remainder when 67 is divided by c(r).
11
Suppose 4*t - 12 = 0, 4*m + 175 = -4*t + 479. Calculate the remainder when 854 is divided by m.
51
Let g(h) = -2*h**2 - 10*h + 5. Let a be g(-8). Let x(l) = 27*l + 6. Let r be x(2). Let p = a + r. Calculate the remainder when 270 is divided by p.
15
Let v(f) = 3*f**3 + 8*f**2 + 10*f + 44. Calculate the remainder when 6701 is divided by v(-3).
1
Suppose -89 = -z - 70. Let f = -130 + 1026. Suppose -4*w = 4*w - f. Calculate the remainder when w is divided by z.
17
Suppose -3*r = 3*d - 9538 - 1580, -4*r + 14817 = 3*d. What is the remainder when r is divided by 50?
49
Suppose 19*a = 17*a - 5*r + 7847, r - 1 = 0. Calculate the remainder when a is divided by 12.
9
Suppose -290 = -832*d + 4702. Let n = -25 + 58. What is the remainder when n is divided by d?
3
Let b be 4/(-3)*(-7 - (2 + -6)). Suppose -b*a + 114 = 5*k, -5*a + 4*a = k - 23. Calculate the remainder when 61 is divided by k.
17
Suppose 4*m + 661 = -5*y, 7*m - 5*m - 2*y + 308 = 0. Let j = 288 + m. What is the remainder when j is divided by 27?
21
Let h(d) = 14*d + 61. Let k be h(-4). Suppose -k*m + 171 = -3*v, 2*v = 4*m - 116 - 20. Suppose f - 384 = -3*f. What is the remainder when f is divided by m?
30
Calculate the remainder when 203 is divided by 3/4 + 1374/24 + -7.
50
Let m = 85 - 82. Suppose -n - 40 = 3*t - 246, -t + 74 = m*n. Suppose 57 = r + 2*r - 3*k, -2*r = -k - 42. What is the remainder when t is divided by r?
22
Let h(c) = -2*c**3 - c**2 + 4*c + 3. Calculate the remainder when h(-4) is divided by 18 + (-56 + 1)/(-5) - 8.
15
Let p(o) = -10*o**3 + 23*o**2 - 5*o + 10. Let y(b) = -3*b**3 + 7*b**2 - 2*b + 3. Let i(t) = 2*p(t) - 7*y(t). What is the remainder when 30 is divided by i(3)?
8
Let t(h) = -2*h**2 + 16*h - 10. Let c be t(7). Let q = c + 8. Let v = 42 + -7. Calculate the remainder when v is divided by q.
11
Suppose 3*g = -45*k + 49*k - 5, -g - 3*k + 20 = 0. Suppose -65 = -3*v - a, 6*v - 5*v + g*a - 31 = 0. Calculate the remainder when 61 is divided by v.
19
Suppose 0 = -6*q + 2*q + 744. Suppose q = 30*y - 28*y. Let z(g) = 3*g**2 + 7*g - 7. Calculate the remainder when y is divided by z(2).
17
Let j(i) = 3*i**2 - 81*i - 32793. What is the remainder when (-2)/7 - (-4218)/14 is divided by j(-92)?
46
Let h = 95 - 83. Suppose -5*q = 10, -5*j = -3*j + 2*q + 4. Suppose -3*y = -u - 137, j = -0*y + y - 4*u - 53. Calculate the remainder when y is divided by h.
9
Let x be 8 - (-6)/(4 - (7 + -1)). Suppose -82 + 112 = x*f. Suppose -c = 4*q - f, 2*c + 2*q = c + 8. Calculate the remainder when 58 is divided by c.
8
Suppose -3*o - 4*n = -101, -15*o - 4*n = -17*o + 54. Let u(b) = 2*b**2 + 2*b + 1. Calculate the remainder when o is divided by u(3).
6
Suppose 0 = -c + 2*w + 1377, -c - 129*w + 1372 = -126*w. What is the remainder when c i